{"id":2,"date":"2025-02-25T10:41:16","date_gmt":"2025-02-25T09:41:16","guid":{"rendered":"http:\/\/www.deutscherjonglierbund.de\/?page_id=2"},"modified":"2025-11-14T11:48:33","modified_gmt":"2025-11-14T10:48:33","slug":"beispiel-seite","status":"publish","type":"page","link":"https:\/\/www.deutscherjonglierbund.de\/","title":{"rendered":"Deutscher Jonglierbund\n(i. Gr.)"},"content":{"rendered":"\n<div id=\"wp-block-themeisle-blocks-advanced-columns-c1d510c2\" class=\"wp-block-themeisle-blocks-advanced-columns has-2-columns has-desktop-oneTwo-layout has-tablet-equal-layout has-mobile-collapsedRows-layout has-vertical-unset\"><div class=\"wp-block-themeisle-blocks-advanced-columns-overlay\"><\/div><div class=\"innerblocks-wrap\">\n<div id=\"wp-block-themeisle-blocks-advanced-column-54f23e5c\" class=\"wp-block-themeisle-blocks-advanced-column\"><\/div>\n\n\n\n<div id=\"wp-block-themeisle-blocks-advanced-column-af38ad00\" class=\"wp-block-themeisle-blocks-advanced-column\"><\/div>\n<\/div><\/div>\n\n\n\n<p class=\"has-text-align-center\">Deutsche Meisterschaften im technischen Jonglieren<\/p>\n\n\n\n<p>Der angek\u00fcndigte Freestyle Wettkampf in N\u00fcrnberg am 14. November 2025 kann aufgrund spontaner Krankheit leider nicht stattfinden. Wir bitten um Euer Verst\u00e4ndnis.<\/p>\n\n\n\n<p><\/p>\n\n\n\n<p>Drei Meisterschaften haben wir bereits durchgef\u00fchrt (2023, 2024, 2025). Die Ergebnisse findet ihr unter den nachfolgenden Links.<\/p>\n\n\n\n<p><span style=\"text-decoration: underline;\">Vergangene Events: <\/span><\/p>\n\n\n\n<p>Erste Meisterschaft: <a href=\"https:\/\/www.deutscherjonglierbund.de\/?page_id=124\">https:\/\/www.deutscherjonglierbund.de\/?page_id=124<\/a><\/p>\n\n\n\n<p>Zweite Meisterschaft: <a href=\"https:\/\/www.deutscherjonglierbund.de\/?page_id=125\">https:\/\/www.deutscherjonglierbund.de\/?page_id=125<\/a><\/p>\n\n\n\n<p>Dritte Meisterschaft: <a href=\"https:\/\/www.deutscherjonglierbund.de\/?page_id=154\">https:\/\/www.deutscherjonglierbund.de\/?page_id=154<\/a><\/p>\n\n\n\n<p><\/p>\n\n\n\n<p><\/p>\n\n\n\n<p><\/p>\n","protected":false},"excerpt":{"rendered":"<p>Deutsche Meisterschaften im technischen Jonglieren Der angek\u00fcndigte Freestyle Wettkampf in N\u00fcrnberg am 14. November 2025 kann aufgrund spontaner Krankheit leider nicht stattfinden. Wir bitten um Euer Verst\u00e4ndnis. Drei Meisterschaften haben wir bereits durchgef\u00fchrt (2023, 2024, 2025). Die Ergebnisse findet ihr unter den nachfolgenden Links. Vergangene Events: Erste Meisterschaft: https:\/\/www.deutscherjonglierbund.de\/?page_id=124 Zweite Meisterschaft: https:\/\/www.deutscherjonglierbund.de\/?page_id=125 Dritte Meisterschaft: https:\/\/www.deutscherjonglierbund.de\/?page_id=154<\/p>\n","protected":false},"author":1,"featured_media":104,"parent":0,"menu_order":0,"comment_status":"closed","ping_status":"open","template":"","meta":{"_themeisle_gutenberg_block_has_review":false,"footnotes":""},"class_list":["post-2","page","type-page","status-publish","has-post-thumbnail","hentry"],"_links":{"self":[{"href":"https:\/\/www.deutscherjonglierbund.de\/index.php?rest_route=\/wp\/v2\/pages\/2","targetHints":{"allow":["GET"]}}],"collection":[{"href":"https:\/\/www.deutscherjonglierbund.de\/index.php?rest_route=\/wp\/v2\/pages"}],"about":[{"href":"https:\/\/www.deutscherjonglierbund.de\/index.php?rest_route=\/wp\/v2\/types\/page"}],"author":[{"embeddable":true,"href":"https:\/\/www.deutscherjonglierbund.de\/index.php?rest_route=\/wp\/v2\/users\/1"}],"replies":[{"embeddable":true,"href":"https:\/\/www.deutscherjonglierbund.de\/index.php?rest_route=%2Fwp%2Fv2%2Fcomments&post=2"}],"version-history":[{"count":19,"href":"https:\/\/www.deutscherjonglierbund.de\/index.php?rest_route=\/wp\/v2\/pages\/2\/revisions"}],"predecessor-version":[{"id":161,"href":"https:\/\/www.deutscherjonglierbund.de\/index.php?rest_route=\/wp\/v2\/pages\/2\/revisions\/161"}],"wp:featuredmedia":[{"embeddable":true,"href":"https:\/\/www.deutscherjonglierbund.de\/index.php?rest_route=\/wp\/v2\/media\/104"}],"wp:attachment":[{"href":"https:\/\/www.deutscherjonglierbund.de\/index.php?rest_route=%2Fwp%2Fv2%2Fmedia&parent=2"}],"curies":[{"name":"wp","href":"https:\/\/api.w.org\/{rel}","templated":true}]}}